 8, what is 3553704 - 1?
3553703
In base 9, what is -770148 + 2?
-770146
In base 16, what is -32e0 + -4b4?
-3794
In base 11, what is -2340118 - 5?
-2340122
In base 16, what is 72 - 1d6f08?
-1d6e96
In base 3, what is 100100120 - -1202211?
102010101
In base 13, what is b56 - a003a?
-9c1b4
In base 12, what is -782770 + -4?
-782774
In base 5, what is -3321031104 - -4?
-3321031100
In base 9, what is -4 - -1768181?
1768176
In base 12, what is -394087 - 8?
-394093
In base 4, what is 3210 + 23131212?
23201022
In base 15, what is c7be - -835?
d104
In base 7, what is 33 - -42033?
42066
In base 6, what is -25240 - -404304?
335024
In base 12, what is -180126a8 + -2?
-180126aa
In base 8, what is -4047716 + 22?
-4047674
In base 6, what is 11022321 + -203?
11022114
In base 11, what is -a7584 - 372?
-a7946
In base 6, what is -31224022 + 4?
-31224014
In base 4, what is 1102030313 + 11131?
1102102110
In base 16, what is e126 + -356?
ddd0
In base 5, what is 41221123310 - -10?
41221123320
In base 8, what is -13751 + 426?
-13323
In base 11, what is -2140a617 - -2?
-2140a615
In base 7, what is -10 + 36052631?
36052621
In base 4, what is -1021 + 1113312111?
1113311030
In base 7, what is 226565251 + 12?
226565263
In base 13, what is c0c0 - 9c4?
b3c9
In base 4, what is -13023323 + 31332?
-12331331
In base 7, what is 156265 + 244?
156542
In base 4, what is 3102202132 - 13311?
3102122221
In base 5, what is -10213303312 + -2?
-10213303314
In base 10, what is -212933 + 4490?
-208443
In base 12, what is 7 + -3268b382?
-3268b377
In base 3, what is -1110 + 20121112012221?
20121112011111
In base 2, what is -1110110111111 - -1011000100?
-1101011111011
In base 6, what is 112013321111 - 5?
112013321102
In base 13, what is -42b + -2721c?
-2764a
In base 12, what is -64 + -85901?
-85965
In base 12, what is 573aaa + 0?
573aaa
In base 10, what is 18269187 - 0?
18269187
In base 10, what is -4 - 1874858?
-1874862
In base 6, what is 344004 - -11500?
355504
In base 5, what is 140402122123 + 2?
140402122130
In base 10, what is 19 - -1074979?
1074998
In base 4, what is -11 + -123003023001?
-123003023012
In base 4, what is -22012003 + 303?
-22011100
In base 16, what is -5e512 + c6?
-5e44c
In base 12, what is -39a8b3 - -944?
-399b6b
In base 6, what is -150353 + 1504?
-144445
In base 14, what is -a0b9 - 2335?
-c410
In base 10, what is -1368 - -224017?
222649
In base 6, what is 5 + 224020032?
224020041
In base 13, what is -2b - 53a7b90?
-53a7bbb
In base 6, what is -4 - 51153214?
-51153222
In base 15, what is -2d + 76?
48
In base 5, what is 223210003 - 1?
223210002
In base 10, what is 3271 + -6097?
-2826
In base 10, what is 3 - 218655817?
-218655814
In base 14, what is -95 + 8145c7?
814532
In base 13, what is c722 + -6c3?
c02c
In base 4, what is 13 - -113203323203?
113203323222
In base 7, what is 141421 + -111?
141310
In base 13, what is 12c5c - -1b86?
14b15
In base 13, what is 2 + 20917300?
20917302
In base 2, what is -1111001011110101011011001 - 11?
-1111001011110101011011100
In base 9, what is -217430 - -285?
-217134
In base 11, what is -5 + 779137a1?
77913797
In base 4, what is -3133 + -320021002?
-320030201
In base 16, what is -4cbc324 - 0?
-4cbc324
In base 10, what is -16778 - -58?
-16720
In base 13, what is 15 + -2276a?
-22755
In base 10, what is 4563 - -1118?
5681
In base 8, what is -14663 - -22141?
5256
In base 15, what is -457c1 + 1a?
-457a6
In base 10, what is -9013 - -4321?
-4692
In base 12, what is 84649270 - 2?
8464926a
In base 16, what is -353545a - 0?
-353545a
In base 10, what is 1 - -1412067?
1412068
In base 4, what is -1031311 + 101020?
-330231
In base 3, what is -211020120 - 220201?
-212011021
In base 5, what is 1431231 + 3040?
1434321
In base 9, what is -40741845 - 5?
-40741851
In base 15, what is 5 + -1430aea5?
-1430aea0
In base 14, what is -1380b42 - -5?
-1380b3b
In base 9, what is -12885 - 23844?
-36840
In base 9, what is 152046 - -38?
152085
In base 14, what is -71 + -38a48?
-38ab9
In base 2, what is 11110110111100101 + -1001?
11110110111011100
In base 4, what is 0 + 11102332033?
11102332033
In base 8, what is 37012433 + 2?
37012435
In base 8, what is -66 - 526157?
-526245
In base 14, what is 10c54d + -1?
10c54c
In base 10, what is -113443 + 41?
-113402
In base 2, what is -1100101 + 111100001010111101?
111100001001011000
In base 10, what is 18038 - 262?
17776
In base 3, what is 2 + 210011210201110210?
210011210201110212
In base 12, what is 0 + -a61529?
-a61529
In base 11, what is 7251495 + -8?
7251488
In base 9, what is 3 - 28686163?
-28686160
In base 5, what is 1302 - 131401132?
-131344330
In base 5, what is 4 + -2120234402?
-2120234343
In base 6, what is 33242 + -142350?
-105104
In base 6, what is 302412 + 312?
303124
In base 15, what is -1de - -aa?
-134
In base 12, what is 8093 + -20?
8073
In base 4, what is -2212012 + -30201122?
-33013200
In base 6, what is 0 + -3403100250?
-3403100250
In base 10, what is 10021 - 710?
9311
In base 6, what is -1300441003 + 2?
-1300441001
In base 16, what is 3 - -a36cfe8?
a36cfeb
In base 10, what is 552 - -502332?
502884
In base 15, what is 2d16 + 45d?
3274
In base 2, what is -101 - -1110000011111001110011?
1110000011111001101110
In base 16, what is -4627 - 813?
-4e3a
In base 3, what is -21 + -1221110122101?
-1221110122122
In base 6, what is -304511 + -134005?
-442520
In base 16, what is -1760eb - -6?
-1760e5
In base 11, what is 64437484 + -2?
64437482
In base 15, what is 17 - 12c287?
-12c270
In base 8, what is -40333 - 2060?
-42413
In base 5, what is 0 + 44312042340?
44312042340
In base 16, what is -9c3f + -ec?
-9d2b
In base 3, what is 10 + 101010212122222?
101010212200002
In base 14, what is -4 - 3704bda?
-3704c00
In base 6, what is 0 - -21443313552?
21443313552
In base 8, what is 5646704 + -7?
5646675
In base 16, what is -109b0e3 + 2?
-109b0e1
In base 2, what is -10001000011101 + -10010110?
-10001010110011
In base 4, what is 20311212002 - 11?
20311211331
In base 4, what is -11020021123323 - -31?
-11020021123232
In base 6, what is -131424435 + 43?
-131424352
In base 10, what is 5 + 1313681?
1313686
In base 16, what is -4 + -18caf?
-18cb3
In base 11, what is 20058 + -496?
1a672
In base 11, what is -309 + -211a26?
-212234
In base 3, what is 2020 + -1212021202112?
-1212021200022
In base 4, what is -100110022 + -1113013?
-101223101
In base 9, what is -1357804 - -3?
-1357801
In base 10, what is 62410 + -1574?
60836
In base 15, what is -121516d - 1b?
-1215189
In base 9, what is -37 + 61841608?
61841561
In base 8, what is 56 - -2772375?
2772453
In base 7, what is -654433 + -14126?
-1001562
In base 16, what is 628d6 - -2?
628d8
In base 12, what is -23b + 20960b?
209390
In base 10, what is 13963 - -16?
13979
In base 4, what is -23131 + 3320333?
3231202
In base 10, what is 10525 - -13450?
23975
In base 14, what is 31 - -34c1ab?
34c1dc
In base 14, what is 41b7 - 126?
4091
In base 14, what is -7bad8 - 97?
-7bb91
In base 4, what is -2200221123002 - 11?
-2200221123013
In base 11, what is -7969899 - -38?
-7969861
In base 7, what is 152 + 311543?
312025
In base 11, what is 7389998 - 4?
7389994
In base 14, what is -5b50 - -44?
-5b0a
In base 5, what is 1200 + 1000120?
1001320
In base 2, what is -1101111111 - -101101001110001100?
101101000000001101
In base 15, what is -7e26 - -1d5?
-7c41
In base 3, what is 12020111 + 100011200202?
100100221020
In base 14, what is c171 + -185?
bdca
In base 9, what is 10 - -37324550?
37324560
In base 9, what is 1 + 55213464?
55213465
In base 9, what is -2544842 + 2?
-2544840
In base 10, what is -5 + 322932?
322927
In base 14, what is -72214c - -13?
-722139
In base 2, what is -11011100011 - 1111101010110?
-10011000111001
In base 13, what is -3a2 - 1c4?
-596
In base 8, what is 4347 - -25203?
31552
In base 12, what is b - -1042533?
1042542
In base 14, what is c + b3d1c?
b3d2a
In base 14, what is -45 + 28c235?
28c1d0
In base 7, what is -1566 - -1040405?
1035506
In base 5, what is -33420443443 - 0?
-33420443443
In base 14, what is 40 - 96673?
-96633
In base 14, what is 3 - 281464?
-281461
In base 11, what is -5 - -114059985?
114059980
In base 2, what is 1000001111010010 + -1110000?
1000001101100010
In base 8, what is 24 - 1474025?
-1474001
In base 10, what is -365313 + 88?
-365225
In base 12, what is -289b593 - -18?
-289